ime factors of i?
3
Suppose 0 = -0*s + s + 1. List the prime factors of 52 + (1 + s + 1)*1.
53
Let p be (-17 - -17)*1/(-4). Suppose -3*s + 2*s - 2*z = -59, -2*z + 4 = p. List the prime factors of s.
5, 11
Let s(u) = -2*u**3 - 11*u**2 - 14*u + 3. List the prime factors of s(-5).
2, 3
Let d = 303 + -173. List the prime factors of d.
2, 5, 13
Let u = 2973 + -1696. What are the prime factors of u?
1277
Suppose 741 = 3*n - 1389. What are the prime factors of n?
2, 5, 71
Suppose 0 = 547*b - 546*b - 3293. What are the prime factors of b?
37, 89
Let i(c) = 29*c + 850. List the prime factors of i(42).
2, 11, 47
Suppose 0 = -2373*x + 2367*x + 9324. What are the prime factors of x?
2, 3, 7, 37
Let h(z) = 2 + 0*z - 3*z - z**3 - 2*z**3 + 2*z - 4*z**2. Let l be h(-2). Let y = l - 0. What are the prime factors of y?
2, 3
Suppose -4*m + 785 = -3*q, -5*q = -q - 20. List the prime factors of (12/(-8))/((-3)/m).
2, 5
Let c(p) = -16*p**2 + 3*p + 1. Let w(g) = 16*g**2 - 3*g - 1. Let r(s) = -4*c(s) - 3*w(s). Suppose -54*l + 29 - 137 = 0. List the prime factors of r(l).
3, 23
Suppose -n - 3*t + 3795 = -0*n, 3796 = n + 2*t. List the prime factors of n.
2, 3, 211
Let a(b) = b**3 + 6*b**2 + 4*b + 4. Let g(w) = -w**3 - 6*w**2 - 5*w - 4. Suppose 4*y - 15 = -y. Let p(x) = y*a(x) + 4*g(x). What are the prime factors of p(-5)?
11
Let o = -41 + 91. Suppose -o - 312 = -2*l. What are the prime factors of l?
181
Suppose 4*w = w + g + 38, 0 = -2*w - g + 32. Let j = w - 7. List the prime factors of j.
7
Let u(r) = -r**3 + 10*r**2 + 21*r - 12. Let k be (-2)/11 - 1008/(-99). What are the prime factors of u(k)?
2, 3, 11
Let r be ((-48)/20)/(1 + (-14)/10). Suppose 0 = -w + 4*z + 38, w + 2*z - 19 = 19. Suppose -r = 4*l - w. What are the prime factors of l?
2
Suppose 9*q = 10*q - 5. Suppose -2*t + q*l + 0 + 147 = 0, 0 = 3*t + 2*l - 192. What are the prime factors of t?
2, 3, 11
Suppose -12 = -5*t + 3. Suppose 108 = -t*n - n. What are the prime factors of 6/n + 762/27?
2, 7
Let k(u) = 5*u**3 + 35*u**2 - 60*u - 77. Let f(v) = -v**3 - 9*v**2 + 15*v + 19. Let t(x) = -9*f(x) - 2*k(x). What are the prime factors of t(8)?
5, 11
Suppose 139*x = 160*x - 92442. List the prime factors of x.
2, 31, 71
Let c = 1389 + -149. List the prime factors of c.
2, 5, 31
Suppose m = 3*z + 38, 7*z - 2*z + 52 = -4*m. What are the prime factors of 147/4 - 3/z?
37
Suppose -4*j = -9*j - 2*l + 7798, 2*j - 4*l = 3124. What are the prime factors of j?
2, 3, 5, 13
Suppose -21*y = -24*y + 180. Suppose -266 = -4*u - 3*j, -2*u - y = -3*u - 4*j. What are the prime factors of u?
2, 17
Let g be 5/15*-3*-5. List the prime factors of (-5 - 1)/30 - (-1306)/g.
3, 29
Suppose -3*m + 4*p = -45, p = 2*m - 0*p - 25. Suppose -59 = -12*j + m*j. What are the prime factors of j?
59
Let k = 2509 - 246. What are the prime factors of k?
31, 73
Let q(k) = 3*k - 11. Let o be q(-8). Let a = 69 + o. Let z = -21 + a. List the prime factors of z.
13
Let p(o) = -o**2 - 8*o + 12. Let j be p(-9). Suppose -c - 1 = i, -j*i - 9 = -4*i + 4*c. What are the prime factors of (9/i + -3)/2?
3
Let r(y) = 17*y**3 + 2*y**2 - 5*y + 1. Let q be r(2). Suppose q - 45 = 6*i. List the prime factors of i.
3, 5
Let m(b) = -49*b**3 + 6*b**2 + 4*b + 1. What are the prime factors of m(-2)?
409
Let u(g) = -2 - 2*g**3 + 0*g**3 + 3*g**3 - 3*g**3 - 12*g - 8*g**2. List the prime factors of u(-5).
2, 3
Let t(u) = 5*u + 1. Let p(d) = d**3 + 5*d**2 - 2*d + 1. Let z be p(-5). Let s = z + -9. List the prime factors of t(s).
11
Let x(i) = -2*i + 3. Let w be x(3). Suppose z = 46 + 29. List the prime factors of z/6*(-1 - w).
5
Let y(s) = -2*s**3 - s**2 + 9*s - 6. Let a(t) = t**3 + t**2 - 5*t + 3. Let g(w) = 11*a(w) + 6*y(w). Let x be g(4). What are the prime factors of (2 + 1)/(x/33)?
11
Suppose 0 = -2*p + 2*a + 266, p + 542 = 5*p + a. List the prime factors of (-2)/4*(0 + 0) + p.
3, 5
Let x(w) = 4*w**2 - 22*w + 15. Let n = 103 + -93. What are the prime factors of x(n)?
3, 5, 13
Suppose -13*o + 3618 = -724. What are the prime factors of o?
2, 167
Let i = 1108 + -233. List the prime factors of i.
5, 7
Let x(c) = -c**3 + 2*c + 7. What are the prime factors of x(-8)?
503
Let q(i) = 308*i**2 - 21*i + 13. What are the prime factors of q(-3)?
2, 89
Suppose -14917 = -10*q - 2687. What are the prime factors of q?
1223
Let u(j) = 4*j - 3. Suppose 0*q = -3*q + 33. Suppose -d - v = d - q, -4*d + 40 = -4*v. List the prime factors of u(d).
5
Let l(d) = -d**2 - 7*d - 8. Let f be l(-6). Let w be -1 + f + (2 - 1). List the prime factors of -2 + -6*9/w.
5
Let a(p) = 61*p**2 + 3*p - 1. Suppose -3 = 59*g - 62*g. What are the prime factors of a(g)?
3, 7
Let r(y) = y**3 - y + 2. Let x be r(2). Let b be ((-12)/x)/(-3)*6. List the prime factors of (8/b)/((-2)/(-3)).
2
Let y = -135 - -187. What are the prime factors of y?
2, 13
Suppose 2*u - 15 = -3*u - 2*k, 5*u - 40 = 3*k. Suppose 3*c - u*t + 5 = 28, -5*c + 28 = 2*t. List the prime factors of c.
2, 3
Let n be -2*(-596)/8 + -4. Suppose 10*g - n = 5*g. What are the prime factors of g?
29
Let p = 253 + -107. Let a = 307 - p. What are the prime factors of a?
7, 23
Let w(o) = o + 4. Let p be w(-2). What are the prime factors of (15/(-25))/(p/(-170))?
3, 17
Suppose 7*z - 132 = 6*z. Suppose 5*x = -27 + z. What are the prime factors of x?
3, 7
Let y be 2/(25/(-15) - -2). Suppose -325 = -y*u - 7. What are the prime factors of u?
53
Suppose -21*a + 6008 = -5458. What are the prime factors of a?
2, 3, 7, 13
Let j(s) = 6*s**2 - 45*s - 736. List the prime factors of j(-25).
4139
Let y(s) = 104*s - 305. List the prime factors of y(10).
3, 5, 7
Let n be 4/(-30) + 6/45. Suppose n = -24*a + 21*a + 45. List the prime factors of (-2)/5 + 486/a.
2
List the prime factors of 25/(-20)*(-12)/(-9)*-591.
5, 197
Suppose 0 = -o + 2*l + 34, 2*o - 5*l - 25 = 41. List the prime factors of o.
2, 19
Let l(a) = -a**2 - 2*a + 3. Let v be l(-3). Suppose 4*s - 5*w - 722 - 107 = 0, -3*s + 5*w + 628 = v. List the prime factors of s.
3, 67
Let m be -1*2*(-28)/8*95. Let d = -435 + m. What are the prime factors of d?
2, 5, 23
Suppose 2*c - 4*r = 266, -372 = 2*c - 5*c - 3*r. List the prime factors of c.
127
Suppose 2*p + 4*p - 18 = 0. Suppose -14 + 5 = p*d. Let v(k) = -20*k - 2. What are the prime factors of v(d)?
2, 29
Let g = 8682 - 4830. List the prime factors of g.
2, 3, 107
Let l(h) = h + 4. Let r be l(-2). Suppose -3*f = -r*g - 3, -6 = -2*g + f - 3. What are the prime factors of g?
3
List the prime factors of 872 + 52/(-8) + (-2)/(-4).
2, 433
Suppose 4*g + 4*k - 28 = 0, 2*g - 2 = 3*k + k. Let a = -43 - -23. List the prime factors of 222/8 - g/a.
2, 7
Let d = -7 - -705. What are the prime factors of d?
2, 349
Let j be ((-16)/20)/2*-25. Let g = j + 3. What are the prime factors of g?
13
Suppose -2*y = -5*k - 119 + 2334, 0 = -2*k + 3*y + 875. What are the prime factors of k?
5, 89
Let o(v) = -67*v + 5. Suppose 4*k = -3*k - 7. What are the prime factors of o(k)?
2, 3
Let p = -49 - 37. Let o = p - -169. List the prime factors of o.
83
Suppose -12 = -5*u + 6*u. Let v(z) = -8*z - 27. List the prime factors of v(u).
3, 23
Let h be (-9)/(0 + 3)*13. Let j = 55 + h. List the prime factors of j.
2
Suppose 0 = g - 3. Suppose g*u = 0, 0 = 4*b - 2*b + 4*u - 10. Suppose -b*i + 59 = -36. List the prime factors of i.
19
Let h(z) = -z**2 - 7*z + 2. Let g be h(-10). Let l = 37 + g. List the prime factors of l.
3
Let u(x) = 35*x**2 + 1. Let i = -34 - -35. What are the prime factors of u(i)?
2, 3
Suppose 4*w - 7134 = 2*b, 4*w - 2019 = 3*b + 5110. What are the prime factors of w?
2, 19, 47
Let d be -1 - (1 + 12/(-2)). Suppose -d*x = l - 14, 0 = 3*x - l + 5*l - 17. Suppose 2*y = -0*y - x*m + 25, 3*m = 9. What are the prime factors of y?
2
Let t = -739 - -1626. List the prime factors of t.
887
List the prime factors of (27/9 + -73)*-6.
2, 3, 5, 7
Let l be (-4)/(-10) - (-23)/5. Let m(p) be the first derivative of 2*p**2 + 5*p - 42. List the prime factors of m(l).
5
Let l(x) = -6*x - 4. Let w be l(-4). Let n be (4/6)/(w/90). Suppose -n*u = -0*u - 81. List the prime factors of u.
3
Let d = -667 + 940. What are the prime factors of d?
3, 7, 13
Suppose -6*v + 32 + 28 = 0. Suppose 3*o + 60 = 5*d, o = -2*d + 3*d - v. List the prime factors of d.
3, 5
Let z be ((-3)/(-6) + -1)*0. Suppose z = -2*c + k + 10, 0 = k + 4 - 2